k = -10 + 10. Suppose -5*a - 30 = -5*c, -3*a + k = -3. What are the prime factors of c?
7
Suppose -5*v = 2*g - 3*v + 2, 2*g = -v - 1. Suppose -2*d - 2*n + 155 = 3*d, g = -4*d + n + 111. What are the prime factors of d?
29
Suppose -5*z = -53 - 137. List the prime factors of z.
2, 19
Let d(u) = -u**2 + 7*u - 3. Suppose 0 = -g - 2*g + 15. What are the prime factors of d(g)?
7
List the prime factors of 12/10*(-405)/(-6).
3
Let f be -7 + (-2)/1 + -1. Let w(x) = x**3 - x**2 + x + 1. Let o(r) = 6*r**3 + 4*r**2 - 4*r + 19. Let s(z) = o(z) - 5*w(z). What are the prime factors of s(f)?
2
Let p(d) = -d**3 + 7*d**2 - 6*d + 8. Let r be p(6). List the prime factors of (-11 + 2)*r/(-3).
2, 3
Suppose 22*x - 930 = 17*x. List the prime factors of x.
2, 3, 31
Suppose -2*i - 5*v = -95, -i + 5*i - 2*v - 250 = 0. List the prime factors of i.
2, 3, 5
Suppose 4 = 4*p - 16. Suppose p*f - 15 + 0 = 0. What are the prime factors of f?
3
Let x(p) be the second derivative of -p + 0 + 0*p**2 - 1/20*p**5 - 1/12*p**4 - 1/3*p**3. List the prime factors of x(-2).
2
Suppose 0 = 2*y - 5*d - 25, 2*d = 3*y - 6*y + 9. Let f(a) = 5*a - 2 + 1 - 2. What are the prime factors of f(y)?
2, 11
Let t(x) = x + 7. Let p be t(-7). Suppose 3*h - 86 = -2*j, 3*j - 3 = -p. List the prime factors of h.
2, 7
Suppose -2*x = -28 - 186. What are the prime factors of x?
107
Let y(b) = -b**3 - 3*b**2 + 3. Suppose -8 = -4*w + 2*j + 3*j, 20 = -4*w - 2*j. What are the prime factors of y(w)?
3
Suppose -20 = -3*n - 5. Suppose 9 = a - 3*q - 11, -4*a = n*q - 63. List the prime factors of a.
17
Let w = 4 - 4. Suppose w = 4*q + 9 - 49. What are the prime factors of q?
2, 5
Let t = -124 + 261. List the prime factors of t.
137
Let i = 0 + 2. Suppose 3*a = i*j - 20 + 4, 5*a = -2*j + 48. List the prime factors of j.
2, 7
Let q(n) = -1 + 2 - 6 + n. Let o(f) = 2*f - 5. Let r(x) = 2*o(x) - 3*q(x). List the prime factors of r(0).
5
Let p = 178 + -85. What are the prime factors of p?
3, 31
Suppose -2*j - y + 21 = -0*y, 2*y - 51 = -5*j. Let f be j/(-3)*8/6. Let w(d) = -d**3 - 4*d**2 - d - 2. List the prime factors of w(f).
2
Suppose -c + 3*c = -2. Let w be (-6)/(-8)*(-5 - c). What are the prime factors of (-1 - -3) + (w - -10)?
3
Suppose -4*h + 2*n = -32 - 52, 0 = -2*h + 3*n + 46. List the prime factors of h.
2, 5
Suppose -3*y + 3*m - 339 = 0, -3*y - 3*m - 323 = 2*m. What are the prime factors of 3/((36/y)/(-4))?
37
Suppose b + 7*b = 720. Let a = -2 - -6. Suppose a*l + l = b. What are the prime factors of l?
2, 3
Suppose -14 = 2*k - 0. Let c(i) = i**2 + 5*i - 5. What are the prime factors of c(k)?
3
Let o(g) = -59*g - 1. Let n be o(-1). Suppose 0*f + c + n = 2*f, -5*f - 4*c = -158. List the prime factors of f.
2, 3, 5
Let r = 10 - 7. Suppose r*a - 32 = -5*f, 0*f - 11 = -f + 4*a. What are the prime factors of f?
7
What are the prime factors of -8 + 8 - (2 - 0) - -167?
3, 5, 11
Suppose -2*g = -4*s - 14, g - 32 = -3*g + 4*s. Let b(n) = n**3 - 10*n**2 + 9*n + 3. Let y be b(g). Suppose -29 = -y*w - 2. What are the prime factors of w?
3
Let u be 4 - 1 - 2 - 30. Let l = -95 + 50. Let k = u - l. List the prime factors of k.
2
Suppose -4*m + 99 = -m. Suppose m - 125 = -2*u. What are the prime factors of u?
2, 23
Suppose 0 = 6*z - 3*z - 12. Suppose 1 + 15 = z*h. Suppose 2*s = -h*a + 16, 2*a = -2*s + 4*a + 4. What are the prime factors of s?
2
Let s(c) = -c + 10. Let t be s(7). Suppose -10 = -t*w + w. What are the prime factors of w?
5
Suppose -99 = 5*f - 354. Suppose 4*k = -f - 1. Let d = k - -21. What are the prime factors of d?
2
Let o be 0/1 + 3 + 2. Suppose o = 4*y + y. Let t = y + 4. What are the prime factors of t?
5
Let o(d) = d**2 - 6*d + 5. Let w(s) = -4*s. Let c be w(1). Let v be 1*12/(-2 - c). What are the prime factors of o(v)?
5
Let j(t) = t + 1. List the prime factors of j(7).
2
Let k(p) = -4*p**2 - 17*p + 1. Let h be k(-4). Suppose -5*a - 29 = 31. What are the prime factors of a*(2 - h/2)?
2, 3
Suppose -2*a + 24 = 2*a. Suppose a = 2*t - 0, 0 = 4*o + 4*t - 44. What are the prime factors of o + 0 + (-1 - 0)?
7
Suppose -4*w + 12 + 0 = 0. Suppose -55 = -2*u - w*y, -4*u + 65 + 40 = 5*y. List the prime factors of u.
2, 5
Suppose -207 = -2*k - 31. List the prime factors of k.
2, 11
Suppose 5*k + 1 = 21. List the prime factors of k.
2
Let i(c) = 25*c - 26. List the prime factors of i(9).
199
Let n(w) = w**2 - 5*w - 4. Let u be n(5). Let f be u - -2 - 24/(-2). Suppose -5*h + 40 = -f. What are the prime factors of h?
2, 5
Suppose 4*v = -4*z - 0*z + 28, -3*v + 5*z = 11. Suppose -5*j + v*j - 4 = 0. Let l(s) = -4*s. What are the prime factors of l(j)?
2
Suppose -26 = -j - 6. Suppose -2*b = 2*b + 220. List the prime factors of (-1)/(-4) - b/j.
3
Suppose -406 = -2*f - 2*f + 2*w, 4*w + 292 = 3*f. List the prime factors of f.
2, 13
Let a be (-6)/(-4) + (-5)/(-10). Let b be (-147)/(-6)*a/1. Suppose -1 = -2*q - 5*w, -3*q = 2*q - 3*w - b. List the prime factors of q.
2
Suppose -2*f - 3*y + 402 = -2*y, 5*f - 3*y - 1027 = 0. List the prime factors of f.
7, 29
What are the prime factors of 4/(-3*4/42)*-10?
2, 5, 7
Suppose 0 = -5*j + 5*m + 222 + 1138, -2*j - 3*m = -554. List the prime factors of j.
2, 137
Let h(c) = 3*c**2 + 2*c - 1. Let f be -3 + 5 + -1 + 0. List the prime factors of h(f).
2
Let l = 4 - 7. Let s = 36 + l. What are the prime factors of (4/(-6))/((-2)/s)?
11
Suppose -w + 8 - 1 = 0. Let a(o) = 5*o - 7. List the prime factors of a(w).
2, 7
Let o(i) = -3 - 2*i + i**3 - 2*i**2 - i**2 + 0*i**3. List the prime factors of o(4).
5
Let i(l) = l**2 - 7*l + 3. Let a be i(7). Suppose -a*r = r. Suppose -5*q = -r*m + 4*m - 33, 5*m = 2*q. List the prime factors of m.
2
Let x(z) = -2*z - 12. List the prime factors of x(-14).
2
Let q = 8 + -7. Let c(j) = -q + 5*j + 4 - 8. What are the prime factors of c(5)?
2, 5
Suppose 322 = 5*q - 43. List the prime factors of q.
73
Suppose 2*h + h - 357 = -3*t, -2*h + 2*t + 230 = 0. List the prime factors of h.
3, 13
Let j(d) = -8*d**3 - d - 1. Let f be j(2). Let s = f + 99. Suppose 3*a - s = -a. List the prime factors of a.
2
Let p = 175 - 71. Let d = -53 + p. What are the prime factors of 1*(-3)/((-9)/d)?
17
What are the prime factors of 0 + 1 + -4 - -26?
23
Suppose -3*j + 514 = -j. Let u = j - 177. Suppose -t = -6*t + u. List the prime factors of t.
2
Let s be 1/2*10*-5. Let y = 56 + s. What are the prime factors of y?
31
Let y = 9 + -5. Let k = y + 1. Suppose -t - 2*b = 0, 0 = 4*t + 5*b - 2*b - k. What are the prime factors of t?
2
Let l be (-21)/(-9) - 2/6. List the prime factors of ((-108)/(-42))/(l/14).
2, 3
List the prime factors of ((-310)/(-15) + 3)*3.
71
Suppose 2 - 3 = q. Let n = q - -4. List the prime factors of (n + (-45)/12)*-12.
3
Let c(d) = -d**2 + 5*d + 6. Let s be c(5). Suppose -16 = 4*t - s*t. List the prime factors of t.
2
Suppose 7*y = 3*y + 68. Suppose -4*g - y = -5*g. List the prime factors of g.
17
Let m be 16/((-8)/3 + 2). Let i = 4 - 16. Let g = i - m. List the prime factors of g.
2, 3
Let w = -9 + 11. Suppose 0 = 2*d - 2 - 0, -w = -3*g - 2*d. Suppose -i + g + 16 = 0. What are the prime factors of i?
2
Suppose 3*g - 38 = 31. Suppose -i = -2*i + g. Suppose -x + 53 = 5*j, 0 = -2*j - 3*x + 2*x + i. What are the prime factors of j?
2, 5
Let o = 263 - 183. Suppose -4*g = -3*u - 2*g + 12, 5*g - 8 = -2*u. Suppose 0*y + u*y = o. List the prime factors of y.
2, 5
Suppose 3*t - 4*t + 128 = 0. What are the prime factors of t?
2
Suppose -t = -3*t + 36. Suppose n + 2*n + 18 = 0. Let c = n + t. What are the prime factors of c?
2, 3
Suppose -r + 3 = -18. What are the prime factors of r?
3, 7
Let n = 32 + -47. Let z be 10*(n/2)/(-3). Let y = -9 + z. List the prime factors of y.
2
Suppose 5*s = 3*a - 81, -4*s = 2*a - 3*s - 67. List the prime factors of a.
2
Suppose -9 = -4*l + 11. Let n = l - 5. What are the prime factors of 10 - (n/2 + 0)?
2, 5
Let a = -2 - -8. What are the prime factors of a?
2, 3
Suppose 3 - 8 = -5*c. Suppose 3*m = g + 13, -6*m + m - 2*g = -29. Suppose -2*z = m*f - 7*z - 50, -z + c = 0. List the prime factors of f.
11
Suppose -9 = -4*m + 2*u - u, 0 = -3*m + 2*u + 8. What are the prime factors of m?
2
Suppose -l - 37 = 2*f, 5*l + 51 + 86 = 2*f. Let i = l - -61. Suppose v - i = -5*z, 0 - 3 = -z. What are the prime factors of v?
17
Suppose -5*a + 38 + 142 = 0. What are the pr